{"id":21,"date":"2024-01-10T14:17:53","date_gmt":"2024-01-10T13:17:53","guid":{"rendered":"https:\/\/scholapragensis.200.solutions\/?page_id=21"},"modified":"2025-09-21T22:43:02","modified_gmt":"2025-09-21T20:43:02","slug":"prijimaci-rizeni","status":"publish","type":"page","link":"https:\/\/scholapragensis.200.solutions\/?page_id=21","title":{"rendered":"P\u0159ij\u00edmac\u00ed \u0159\u00edzen\u00ed"},"content":{"rendered":"\n<h2 class=\"wp-block-heading\">Term\u00edny kon\u00e1n\u00ed jednotn\u00e9 p\u0159ij\u00edmac\u00ed zkou\u0161ky ve \u0161koln\u00edm roce 2024\/2025<\/h2>\n\n\n\n<p>Nejnov\u011bj\u0161\u00ed informace o term\u00ednech&nbsp;JPZ pro \u0161koln\u00ed rok 2024\/2025<\/p>\n\n\n\n<p>Ministerstvo \u0161kolstv\u00ed, ml\u00e1de\u017ee a t\u011blov\u00fdchovy stanovilo term\u00edny kon\u00e1n\u00ed jednotn\u00e9 p\u0159ij\u00edmac\u00ed zkou\u0161ky<\/p>\n\n\n\n<p>Jednotn\u00e1 p\u0159ij\u00edmac\u00ed zkou\u0161ka, je\u017e se kon\u00e1 formou p\u00edsemn\u00e9ho testu ze vzd\u011bl\u00e1vac\u00edho oboru \u010cesk\u00fd jazyk a literatura a p\u00edsemn\u00e9ho testu ze vzd\u011bl\u00e1vac\u00edho oboru Matematika a jej\u00ed aplikace ve dvou term\u00ednech, je stanovena&nbsp;<strong>v \u0159\u00e1dn\u00e9m term\u00ednu<\/strong>&nbsp;na dny:<\/p>\n\n\n\n<p>\u010cty\u0159let\u00e9 obory vzd\u011bl\u00e1n\u00ed, v\u010detn\u011b n\u00e1stavbov\u00e9ho studia:<\/p>\n\n\n\n<ul class=\"wp-block-list\">\n<li>1. term\u00edn: p\u00e1tek&nbsp;<strong>11. dubna 2025<\/strong><\/li>\n\n\n\n<li>2. term\u00edn: pond\u011bl\u00ed&nbsp;<strong>14. dubna 2025<\/strong><\/li>\n<\/ul>\n\n\n\n<p>Obory \u0161estilet\u00fdch a osmilet\u00fdch gymn\u00e1zi\u00ed:<\/p>\n\n\n\n<ul class=\"wp-block-list\">\n<li>1. term\u00edn: \u00fater\u00fd&nbsp;<strong>15. dubna 2025<\/strong><\/li>\n\n\n\n<li>2. term\u00edn st\u0159eda&nbsp;<strong>16. dubna 2025<\/strong><\/li>\n<\/ul>\n\n\n\n<p>Jednotn\u00e1 p\u0159ij\u00edmac\u00ed zkou\u0161ka&nbsp;<strong>v n\u00e1hradn\u00edm term\u00ednu<\/strong>&nbsp;je stanovena pro v\u0161echny uveden\u00e9 obory vzd\u011bl\u00e1n\u00ed na dny:<\/p>\n\n\n\n<ul class=\"wp-block-list\">\n<li>1. term\u00edn: \u00fater\u00fd&nbsp;<strong>29. dubna 2025<\/strong><\/li>\n\n\n\n<li>2. term\u00edn: st\u0159eda&nbsp;<strong>30. dubna 2025<\/strong><\/li>\n<\/ul>\n\n\n\n<p>Cel\u00fd dokument M\u0160MT&nbsp;<a href=\"https:\/\/msmt.gov.cz\/file\/63238\/\" target=\"_blank\" rel=\"noreferrer noopener\">zde<\/a>.<\/p>\n\n\n\n<p>Dal\u0161\u00ed informace naleznete na str\u00e1nk\u00e1ch <a href=\"https:\/\/www.prihlaskynastredni.cz\/index.html\">P\u0159ihl\u00e1\u0161ky na st\u0159edn\u00ed<\/a>.<\/p>\n","protected":false},"excerpt":{"rendered":"<p>Term\u00edny kon\u00e1n\u00ed jednotn\u00e9 p\u0159ij\u00edmac\u00ed zkou\u0161ky ve \u0161koln\u00edm roce 2024\/2025 Nejnov\u011bj\u0161\u00ed informace o term\u00ednech&nbsp;JPZ pro \u0161koln\u00ed rok 2024\/2025 Ministerstvo \u0161kolstv\u00ed, ml\u00e1de\u017ee a t\u011blov\u00fdchovy stanovilo term\u00edny kon\u00e1n\u00ed jednotn\u00e9 p\u0159ij\u00edmac\u00ed zkou\u0161ky Jednotn\u00e1 p\u0159ij\u00edmac\u00ed zkou\u0161ka, je\u017e se kon\u00e1 formou p\u00edsemn\u00e9ho testu ze vzd\u011bl\u00e1vac\u00edho oboru \u010cesk\u00fd jazyk a literatura a p\u00edsemn\u00e9ho testu ze vzd\u011bl\u00e1vac\u00edho oboru Matematika a jej\u00ed aplikace ve [&hellip;]<\/p>\n","protected":false},"author":1,"featured_media":0,"parent":0,"menu_order":0,"comment_status":"closed","ping_status":"closed","template":"","meta":{"_acf_changed":false,"inline_featured_image":false,"_breakdance_hide_in_design_set":false,"_breakdance_tags":"","footnotes":""},"class_list":["post-21","page","type-page","status-publish","hentry"],"acf":[],"yoast_head":"<!-- This site is optimized with the Yoast SEO plugin v25.9 - https:\/\/yoast.com\/wordpress\/plugins\/seo\/ -->\n<title>P\u0159ij\u00edmac\u00ed \u0159\u00edzen\u00ed - Schola Pragensis<\/title>\n<meta name=\"robots\" content=\"index, follow, max-snippet:-1, max-image-preview:large, max-video-preview:-1\" \/>\n<link rel=\"canonical\" href=\"https:\/\/scholapragensis.200.solutions\/?page_id=21\" \/>\n<meta property=\"og:locale\" content=\"cs_CZ\" \/>\n<meta property=\"og:type\" content=\"article\" \/>\n<meta property=\"og:title\" content=\"P\u0159ij\u00edmac\u00ed \u0159\u00edzen\u00ed - Schola Pragensis\" \/>\n<meta property=\"og:description\" content=\"Term\u00edny kon\u00e1n\u00ed jednotn\u00e9 p\u0159ij\u00edmac\u00ed zkou\u0161ky ve \u0161koln\u00edm roce 2024\/2025 Nejnov\u011bj\u0161\u00ed informace o term\u00ednech&nbsp;JPZ pro \u0161koln\u00ed rok 2024\/2025 Ministerstvo \u0161kolstv\u00ed, ml\u00e1de\u017ee a t\u011blov\u00fdchovy stanovilo term\u00edny kon\u00e1n\u00ed jednotn\u00e9 p\u0159ij\u00edmac\u00ed zkou\u0161ky Jednotn\u00e1 p\u0159ij\u00edmac\u00ed zkou\u0161ka, je\u017e se kon\u00e1 formou p\u00edsemn\u00e9ho testu ze vzd\u011bl\u00e1vac\u00edho oboru \u010cesk\u00fd jazyk a literatura a p\u00edsemn\u00e9ho testu ze vzd\u011bl\u00e1vac\u00edho oboru Matematika a jej\u00ed aplikace ve [&hellip;]\" \/>\n<meta property=\"og:url\" content=\"https:\/\/scholapragensis.200.solutions\/?page_id=21\" \/>\n<meta property=\"og:site_name\" content=\"Schola Pragensis\" \/>\n<meta property=\"article:modified_time\" content=\"2025-09-21T20:43:02+00:00\" \/>\n<meta name=\"twitter:card\" content=\"summary_large_image\" \/>\n<meta name=\"twitter:label1\" content=\"Odhadovan\u00e1 doba \u010dten\u00ed\" \/>\n\t<meta name=\"twitter:data1\" content=\"1 minuta\" \/>\n<script type=\"application\/ld+json\" class=\"yoast-schema-graph\">{\"@context\":\"https:\/\/schema.org\",\"@graph\":[{\"@type\":\"WebPage\",\"@id\":\"https:\/\/scholapragensis.200.solutions\/?page_id=21\",\"url\":\"https:\/\/scholapragensis.200.solutions\/?page_id=21\",\"name\":\"P\u0159ij\u00edmac\u00ed \u0159\u00edzen\u00ed - Schola Pragensis\",\"isPartOf\":{\"@id\":\"https:\/\/scholapragensis.200.solutions\/#website\"},\"datePublished\":\"2024-01-10T13:17:53+00:00\",\"dateModified\":\"2025-09-21T20:43:02+00:00\",\"breadcrumb\":{\"@id\":\"https:\/\/scholapragensis.200.solutions\/?page_id=21#breadcrumb\"},\"inLanguage\":\"cs\",\"potentialAction\":[{\"@type\":\"ReadAction\",\"target\":[\"https:\/\/scholapragensis.200.solutions\/?page_id=21\"]}]},{\"@type\":\"BreadcrumbList\",\"@id\":\"https:\/\/scholapragensis.200.solutions\/?page_id=21#breadcrumb\",\"itemListElement\":[{\"@type\":\"ListItem\",\"position\":1,\"name\":\"Dom\u016f\",\"item\":\"https:\/\/scholapragensis.200.solutions\/\"},{\"@type\":\"ListItem\",\"position\":2,\"name\":\"P\u0159ij\u00edmac\u00ed \u0159\u00edzen\u00ed\"}]},{\"@type\":\"WebSite\",\"@id\":\"https:\/\/scholapragensis.200.solutions\/#website\",\"url\":\"https:\/\/scholapragensis.200.solutions\/\",\"name\":\"Schola Pragensis\",\"description\":\"Veletrh a aplikace Schola Pragensis v\u00e1s provede v\u00fdb\u011brem st\u0159edn\u00ed \u0161koly.\",\"potentialAction\":[{\"@type\":\"SearchAction\",\"target\":{\"@type\":\"EntryPoint\",\"urlTemplate\":\"https:\/\/scholapragensis.200.solutions\/?s={search_term_string}\"},\"query-input\":{\"@type\":\"PropertyValueSpecification\",\"valueRequired\":true,\"valueName\":\"search_term_string\"}}],\"inLanguage\":\"cs\"}]}<\/script>\n<!-- \/ Yoast SEO plugin. -->","yoast_head_json":{"title":"P\u0159ij\u00edmac\u00ed \u0159\u00edzen\u00ed - Schola Pragensis","robots":{"index":"index","follow":"follow","max-snippet":"max-snippet:-1","max-image-preview":"max-image-preview:large","max-video-preview":"max-video-preview:-1"},"canonical":"https:\/\/scholapragensis.200.solutions\/?page_id=21","og_locale":"cs_CZ","og_type":"article","og_title":"P\u0159ij\u00edmac\u00ed \u0159\u00edzen\u00ed - Schola Pragensis","og_description":"Term\u00edny kon\u00e1n\u00ed jednotn\u00e9 p\u0159ij\u00edmac\u00ed zkou\u0161ky ve \u0161koln\u00edm roce 2024\/2025 Nejnov\u011bj\u0161\u00ed informace o term\u00ednech&nbsp;JPZ pro \u0161koln\u00ed rok 2024\/2025 Ministerstvo \u0161kolstv\u00ed, ml\u00e1de\u017ee a t\u011blov\u00fdchovy stanovilo term\u00edny kon\u00e1n\u00ed jednotn\u00e9 p\u0159ij\u00edmac\u00ed zkou\u0161ky Jednotn\u00e1 p\u0159ij\u00edmac\u00ed zkou\u0161ka, je\u017e se kon\u00e1 formou p\u00edsemn\u00e9ho testu ze vzd\u011bl\u00e1vac\u00edho oboru \u010cesk\u00fd jazyk a literatura a p\u00edsemn\u00e9ho testu ze vzd\u011bl\u00e1vac\u00edho oboru Matematika a jej\u00ed aplikace ve [&hellip;]","og_url":"https:\/\/scholapragensis.200.solutions\/?page_id=21","og_site_name":"Schola Pragensis","article_modified_time":"2025-09-21T20:43:02+00:00","twitter_card":"summary_large_image","twitter_misc":{"Odhadovan\u00e1 doba \u010dten\u00ed":"1 minuta"},"schema":{"@context":"https:\/\/schema.org","@graph":[{"@type":"WebPage","@id":"https:\/\/scholapragensis.200.solutions\/?page_id=21","url":"https:\/\/scholapragensis.200.solutions\/?page_id=21","name":"P\u0159ij\u00edmac\u00ed \u0159\u00edzen\u00ed - Schola Pragensis","isPartOf":{"@id":"https:\/\/scholapragensis.200.solutions\/#website"},"datePublished":"2024-01-10T13:17:53+00:00","dateModified":"2025-09-21T20:43:02+00:00","breadcrumb":{"@id":"https:\/\/scholapragensis.200.solutions\/?page_id=21#breadcrumb"},"inLanguage":"cs","potentialAction":[{"@type":"ReadAction","target":["https:\/\/scholapragensis.200.solutions\/?page_id=21"]}]},{"@type":"BreadcrumbList","@id":"https:\/\/scholapragensis.200.solutions\/?page_id=21#breadcrumb","itemListElement":[{"@type":"ListItem","position":1,"name":"Dom\u016f","item":"https:\/\/scholapragensis.200.solutions\/"},{"@type":"ListItem","position":2,"name":"P\u0159ij\u00edmac\u00ed \u0159\u00edzen\u00ed"}]},{"@type":"WebSite","@id":"https:\/\/scholapragensis.200.solutions\/#website","url":"https:\/\/scholapragensis.200.solutions\/","name":"Schola Pragensis","description":"Veletrh a aplikace Schola Pragensis v\u00e1s provede v\u00fdb\u011brem st\u0159edn\u00ed \u0161koly.","potentialAction":[{"@type":"SearchAction","target":{"@type":"EntryPoint","urlTemplate":"https:\/\/scholapragensis.200.solutions\/?s={search_term_string}"},"query-input":{"@type":"PropertyValueSpecification","valueRequired":true,"valueName":"search_term_string"}}],"inLanguage":"cs"}]}},"_links":{"self":[{"href":"https:\/\/scholapragensis.200.solutions\/index.php?rest_route=\/wp\/v2\/pages\/21","targetHints":{"allow":["GET"]}}],"collection":[{"href":"https:\/\/scholapragensis.200.solutions\/index.php?rest_route=\/wp\/v2\/pages"}],"about":[{"href":"https:\/\/scholapragensis.200.solutions\/index.php?rest_route=\/wp\/v2\/types\/page"}],"author":[{"embeddable":true,"href":"https:\/\/scholapragensis.200.solutions\/index.php?rest_route=\/wp\/v2\/users\/1"}],"replies":[{"embeddable":true,"href":"https:\/\/scholapragensis.200.solutions\/index.php?rest_route=%2Fwp%2Fv2%2Fcomments&post=21"}],"version-history":[{"count":6,"href":"https:\/\/scholapragensis.200.solutions\/index.php?rest_route=\/wp\/v2\/pages\/21\/revisions"}],"predecessor-version":[{"id":887,"href":"https:\/\/scholapragensis.200.solutions\/index.php?rest_route=\/wp\/v2\/pages\/21\/revisions\/887"}],"wp:attachment":[{"href":"https:\/\/scholapragensis.200.solutions\/index.php?rest_route=%2Fwp%2Fv2%2Fmedia&parent=21"}],"curies":[{"name":"wp","href":"https:\/\/api.w.org\/{rel}","templated":true}]}}